 -c - 1. Let v be z(-5). Suppose -4*l - 3*a + 281 = -2*a, -2*a - 290 = -v*l. What are the prime factors of l?
71
Let n = 28 + -54. Let v = -13 - n. What are the prime factors of v?
13
Let l(h) be the second derivative of h**3/6 - h**2/2 + 3*h. Let p be l(10). Suppose p*q = 8*q + 62. List the prime factors of q.
2, 31
Suppose -y - 2*y = 3*q - 1299, -y + 4 = 0. Suppose -57 = -3*f + q. List the prime factors of f.
2, 3
Suppose 0 = -3*c - 5*p + 550, -2*c + 384 = 16*p - 17*p. What are the prime factors of c?
2, 5, 19
Let s(y) = -y**3 + 2*y**2 + 4*y + 3. Let d be s(0). What are the prime factors of (-2145)/10*(-2)/d - 4?
139
What are the prime factors of ((-12)/(-10) + -2)/((-7)/3010)?
2, 43
Let l(v) = v**3 + 12*v**2 - 4*v + 9. What are the prime factors of l(-11)?
2, 3, 29
List the prime factors of (9821/28)/(-1)*-4.
23, 61
Let x(a) = 1 - 13*a + 2 + 5*a**2 - 5. List the prime factors of x(4).
2, 13
Let t be -2 - ((-6)/(-1))/(-3). Suppose 5*g - 2*g - 60 = t. Let o = 41 - g. List the prime factors of o.
3, 7
Suppose 0 = -68*l + 494947 - 146515. List the prime factors of l.
2, 3, 7, 61
Let w be ((-24)/(-2))/3 - 1. Suppose -w*l + 357 = -3*t, 4*t + t = 25. What are the prime factors of l?
2, 31
Let a be ((-1)/2)/((6/(-312))/1). Suppose 4*g = 3*g - 10. Let r = a + g. List the prime factors of r.
2
Let v(k) be the first derivative of 2*k**3/3 + k**2 + 10*k + 24. What are the prime factors of v(8)?
2, 7, 11
Let l = -15 + 40. Suppose l = 4*j + j. Suppose 0 = 3*q - j*q + 106. What are the prime factors of q?
53
Suppose -15*d = -20*d + 10. Suppose d + 1 = -3*g, -2*u + 11 = 3*g. What are the prime factors of u?
7
Let a(r) = 9*r - 35. What are the prime factors of a(14)?
7, 13
Let j = -17 - -17. Suppose -f = -j*f - 5. What are the prime factors of (-1)/f + 138/15?
3
Let d = 7 - 1. List the prime factors of -16*d/(96/(-268)).
2, 67
Suppose 4*p = t - 591 - 1476, -2*p + 8340 = 4*t. What are the prime factors of t?
2083
Let o(c) = -c**2 - 4*c - 2. Let h be o(-2). Suppose 0 = u - h*q - 50, q = -2*u + 5 + 95. What are the prime factors of u?
2, 5
Let g be (11 - 13)*(-6)/(-4). Let f be -3 + 2 + 0 + g. What are the prime factors of 3 - f/(8/30)?
2, 3
Suppose -4*h - 3*i + 1216 = -0*i, -923 = -3*h - 5*i. What are the prime factors of h?
7, 43
Suppose 5*a + 20 = 10*a, 0 = g + a - 324. Let w = g - 71. List the prime factors of w.
3, 83
Let k be (2 - 4/1)*-136. Let w = k + 52. Suppose t + 3*t = 4*g + w, 3*g = 4*t - 321. What are the prime factors of t?
2, 3, 13
Suppose 23*f - 7*f - 32336 = 0. What are the prime factors of f?
43, 47
Let n(b) = b**2 + 18*b + 17. Let p be n(-17). List the prime factors of 8*(p/(-3) + 1).
2
Suppose -4208 = 5*n - 13*n. What are the prime factors of n?
2, 263
Let y(k) = k**2 + 5*k - 2. Let u(z) = 5*z**2 + 20*z - 9. Let m(f) = 2*u(f) - 9*y(f). List the prime factors of m(9).
2, 3
Suppose 0 = 3*t - t - 1032. Suppose 3*y + 205 = 2*l + 4*y, -5*l = -y - t. What are the prime factors of l?
103
Let m = 192 + -96. Let r = m - 52. List the prime factors of r.
2, 11
Let z = 439 - -99. What are the prime factors of z?
2, 269
Suppose -i + 0*i - 1010 = -4*t, i = 3*t - 757. Let k = t - 160. What are the prime factors of k?
3, 31
Let s = 84 + -283. Let a = s - -291. Suppose 2*u + 8 = a. What are the prime factors of u?
2, 3, 7
Suppose 3*p + 3*j - 426 = 0, -p + 134 = 4*j + j. Suppose -8*o + 12*o = p. List the prime factors of o.
2, 3
Let r(o) be the first derivative of 19*o**2 + 29*o + 27. List the prime factors of r(5).
3, 73
Let t(q) = -q**2 + 5*q + 5. Let z be t(5). Suppose -5*c + 19 + 1 = z*d, 5*d - 16 = -3*c. List the prime factors of d/(-9) + 1495/45.
3, 11
Let c be 1524/(-5) + (32/20)/(-8). List the prime factors of (-29 - -27)/(307/c + 1).
5, 61
Let k(h) = -96*h + 1833. List the prime factors of k(0).
3, 13, 47
Suppose -2 = -2*l + 4. Suppose -3*a = 4*z - 141, -l*a + 4*z + 0*z + 141 = 0. List the prime factors of a.
47
Let f(m) = -2*m - 40. Let d be f(0). Let l = 71 + d. Suppose -n - t = -l, 2*n - 3*n + 27 = -t. What are the prime factors of n?
29
Suppose -2364 = -5*v + 3*i - 452, 2*v - 5*i = 761. Suppose v = 8*j - 313. List the prime factors of j.
3, 29
Let a be 2 - (1 + 1)*2/(-4). Suppose 3*q - q = 0. Suppose q = 3*z + 3*w - 30, -a*z + 8 = -z - w. What are the prime factors of z?
2, 3
Let n(c) be the first derivative of 14*c**3/3 - c - 11. List the prime factors of n(-2).
5, 11
Let h = 43 - 43. Suppose 33*l - 35*l + 76 = h. What are the prime factors of l?
2, 19
Let n = -35 + 17. List the prime factors of 225/6 + 27/n.
2, 3
Let t = 67 + 506. What are the prime factors of t?
3, 191
Let k = 8394 + -5806. List the prime factors of k.
2, 647
Suppose -3*r = -7 + 67. Let c be 5/(r/(-32)) + 1. Suppose -4*l = -n - 67, 0 = -l + 3*n + 34 - c. List the prime factors of l.
2
What are the prime factors of (-25092)/30*((-5)/(-10) - 3)?
3, 17, 41
Let r(i) = -11*i + 2. Suppose 4 = -p - 4*j, p + 2*p + 4*j + 12 = 0. Let a be 6/p + (-2)/4. What are the prime factors of r(a)?
2, 3
Let u(y) = -3*y**3 - 18*y + 8*y - 2 - 5 - 5*y**2. What are the prime factors of u(-4)?
5, 29
Suppose 128 = 5*g + 2*o - 1, 0 = 2*g + 3*o - 56. Let p = 26 - g. What are the prime factors of (-658)/(-21) + p/(-3)?
31
Suppose 4*m - 5356 = -2*f, -f + 446 = 3*m - 2234. What are the prime factors of f?
2, 7, 191
Let q(d) = 2*d**3 - 14*d**2 - 13*d + 66. List the prime factors of q(11).
3, 11
Let o(i) = -33*i + 416. List the prime factors of o(-16).
2, 59
Suppose -239 = -4*w - 0*x - 3*x, -118 = -2*w - 2*x. Let u be 1/2 + 162/(-4). Let s = w + u. What are the prime factors of s?
2, 11
Let w = -648 - -986. What are the prime factors of w?
2, 13
Let t(f) = 3*f - 17. Let b be t(7). Suppose m + 8 = h, -b*h + 5*h - 4*m + 1 = 0. List the prime factors of h.
11
Suppose -4*z - 2*l = -1382, 0 = 9*z - 14*z + 4*l + 1721. What are the prime factors of z?
3, 5, 23
Let w(k) = 12*k**2 + 14. What are the prime factors of w(-7)?
2, 7, 43
Let r(o) be the first derivative of -63*o**4/4 - 2*o**3/3 + o - 4. List the prime factors of r(-1).
2, 31
Let z be (-365)/(-35) + ((-27)/(-21))/(-3). Let q = z - -91. What are the prime factors of q?
101
Let r = 15 - 14. Let k be (-11 - -14) + (-1)/r. Suppose -1 + k = -o - x, 4 = -x. What are the prime factors of o?
3
Let o(t) = 5*t - 5. Let q(z) = 6*z - 6. Let l = -8 - -11. Let x(w) = l*q(w) - 4*o(w). What are the prime factors of x(-5)?
2, 3
Let a = -87 + -48. Let s = 279 + a. List the prime factors of s.
2, 3
Let o be (6 - -3)*-18 - 0. List the prime factors of -2 - (o/3)/((-4)/(-8)).
2, 53
List the prime factors of 2280/9 - (-4)/6.
2, 127
Let k(m) = -6*m + 1. Suppose 3*f + 8 = -4. What are the prime factors of k(f)?
5
Let r be ((-18)/15)/((-3)/10). Suppose r*l = 2*l + 142. Let h = l - 23. What are the prime factors of h?
2, 3
Let q(b) = -b**2 + 11*b + 1. Let r be q(8). Suppose -7 = 4*l + r. Let u(h) = -9*h - 11. What are the prime factors of u(l)?
61
Let m be (-3)/2*700/(-21). Suppose 2*z = -5*x + m, -x - 78 = -5*z + z. List the prime factors of z.
2, 5
Suppose -h - 3*j - 10 = 0, 4*h + 40 = -0*j + 3*j. Let v = 81 + h. What are the prime factors of v?
71
Let o be (((-12)/(-8))/(-1))/(1/(-10)). Let v be 0 + -1 + -1 + 2. Suppose 0*x + 15 = 5*r - 2*x, -2*r - x + o = v. What are the prime factors of r?
5
Let s = -21 + 15. Let p be (-266)/s - 20/(-30). Suppose 4*l - 133 = -p. What are the prime factors of l?
2, 11
Suppose -4*u - 5*s = -5*u + 425, -3*u + 3*s + 1239 = 0. What are the prime factors of u?
2, 5, 41
Suppose 1043 = 3*y - 2458. List the prime factors of y.
3, 389
Let o(g) = g**3 - g**2 + g. Let q be o(0). Suppose q*n - 112 = -2*n. List the prime factors of n + 8/(-4) - -4.
2, 29
Let o = -143 + -104. Let y = -359 - o. Let a = y - -186. List the prime factors of a.
2, 37
List the prime factors of (-3 - (6 - 15)) + 481.
487
Let z(r) = 25 + 22 - 20*r - 48. Let q be (-10)/(-55) - (-48)/(-22). List the prime factors of z(q).
3, 13
Suppose 3*l + 432 = 5*j - 3*j, -2*j + 432 = 5*l. Suppose 2*u - 4*u + j = 0. What are the prime factors of u?
2, 3
Let z = 561 - 338. List the prime factors of z.
223
Let i(u) be the first derivative of -u**4/4 - 7*u**3/3 + 4*u**2 + 7*u + 11. Let h be i(-8). Suppose h*c - 3*c - 132 = 0. List the prime factors of c.
3, 11
Suppose -135*a + 137*a = 1050. What a